or of 47 and 30803.
1
Calculate the highest common factor of 4205 and 112385.
5
What is the greatest common factor of 3520 and 89679680?
320
Calculate the greatest common divisor of 978918 and 2668170.
3534
What is the greatest common divisor of 538099 and 10033?
127
Calculate the highest common divisor of 12552 and 636.
12
What is the greatest common factor of 4824 and 77684088?
1608
Calculate the greatest common divisor of 20 and 45758810.
10
Calculate the greatest common factor of 2887 and 288316029.
2887
What is the highest common divisor of 24013 and 38628185?
2183
What is the highest common divisor of 5195427988 and 772?
772
What is the highest common divisor of 40 and 2107016?
8
Calculate the highest common factor of 13 and 13702052.
13
Calculate the greatest common divisor of 96480 and 15724431.
603
Calculate the greatest common divisor of 37 and 224326079.
37
Calculate the highest common divisor of 549090366 and 55.
11
What is the highest common factor of 48624696 and 16920?
3384
Calculate the greatest common factor of 723910942 and 7122.
2374
What is the greatest common factor of 228 and 19552881?
57
Calculate the highest common factor of 533767509 and 6831.
6831
What is the highest common factor of 171040 and 8480?
160
Calculate the highest common factor of 876118 and 103.
103
Calculate the greatest common factor of 1924 and 96395.
13
What is the highest common factor of 494286 and 227110?
26
What is the highest common divisor of 385 and 95024270?
55
Calculate the highest common divisor of 477 and 634140.
9
Calculate the highest common divisor of 220 and 42532435.
55
Calculate the greatest common divisor of 5852401 and 110593.
2257
What is the highest common factor of 20784 and 41923060?
1732
Calculate the highest common factor of 6125 and 3912125.
875
What is the greatest common factor of 142448 and 6302096?
4912
What is the greatest common divisor of 118895 and 123195?
215
What is the highest common factor of 3345424 and 8?
8
What is the greatest common divisor of 28323 and 807?
3
What is the highest common factor of 3399931 and 4959?
29
Calculate the highest common divisor of 18 and 269469063.
9
What is the greatest common divisor of 107 and 80914363?
107
Calculate the greatest common divisor of 3395 and 84396305.
3395
What is the greatest common divisor of 726 and 20546163?
363
Calculate the greatest common factor of 52 and 356204524.
52
What is the greatest common divisor of 14231 and 2283701?
749
Calculate the greatest common divisor of 23198452 and 76.
4
Calculate the highest common factor of 151661204 and 916.
916
What is the greatest common factor of 3235103758 and 58?
58
What is the greatest common factor of 1840 and 1145722?
46
What is the greatest common factor of 103631 and 14795?
11
Calculate the highest common factor of 510 and 20429920.
170
What is the greatest common divisor of 27 and 44033733?
27
What is the highest common divisor of 7821 and 106547221?
869
What is the highest common divisor of 13786555 and 25?
5
Calculate the highest common divisor of 1573 and 20708831.
143
Calculate the greatest common factor of 344 and 98417110.
86
Calculate the highest common factor of 324 and 4149660.
12
Calculate the highest common factor of 10201363 and 1161.
43
Calculate the greatest common factor of 693 and 137615016.
231
What is the greatest common factor of 99405 and 1499535?
2115
Calculate the highest common factor of 2434518 and 8974.
1282
What is the greatest common factor of 689826 and 3842?
34
What is the highest common factor of 297 and 30951585?
27
Calculate the highest common factor of 51663 and 71255433.
3039
Calculate the highest common divisor of 47313216 and 25344.
576
Calculate the highest common factor of 176631118 and 2081.
2081
Calculate the greatest common divisor of 6136 and 30775576.
104
What is the greatest common factor of 657 and 3846555?
9
Calculate the greatest common divisor of 17 and 324828724.
17
Calculate the highest common factor of 177143886 and 36945.
7389
Calculate the greatest common divisor of 110 and 1733512.
22
Calculate the highest common divisor of 22066 and 2436346.
1298
What is the highest common factor of 56740233 and 1551?
1551
Calculate the greatest common factor of 10516024 and 128.
8
Calculate the greatest common factor of 454580 and 3000.
20
What is the highest common factor of 30585962 and 5692?
2846
What is the highest common divisor of 566937 and 189?
63
Calculate the highest common divisor of 35 and 936185.
5
What is the highest common factor of 82140 and 42025710?
1110
Calculate the greatest common factor of 309573 and 19647.
531
What is the greatest common divisor of 28444524 and 4?
4
Calculate the greatest common divisor of 882 and 130941.
9
What is the greatest common divisor of 201 and 58350836?
67
What is the greatest common factor of 309080 and 29061247?
7727
What is the highest common factor of 78610 and 3562156?
2246
What is the greatest common divisor of 8027740 and 26180?
2380
Calculate the greatest common divisor of 182477221 and 3908.
977
What is the greatest common divisor of 4745308120 and 14?
14
What is the highest common divisor of 4391129 and 27133?
631
Calculate the greatest common divisor of 838525 and 163625.
425
Calculate the highest common factor of 2804 and 2243659856.
2804
Calculate the greatest common divisor of 6471 and 72747.
9
What is the greatest common divisor of 13275504 and 6138?
198
What is the highest common divisor of 882 and 90541269?
441
What is the highest common divisor of 324089350 and 3250?
650
What is the greatest common factor of 215581 and 24704?
193
Calculate the highest common divisor of 186 and 122282042.
62
Calculate the highest common divisor of 12279048 and 16.
8
Calculate the greatest common divisor of 25778902 and 34.
34
Calculate the highest common factor of 3 and 1161079.
1
Calculate the highest common divisor of 26532 and 646393.
11
Calculate the highest common divisor of 369 and 986733.
9
Calculate the greatest common divisor of 11070 and 15150510.
270
What is the greatest common divisor of 26680 and 64952?
184
Calculate the highest common divisor of 508 and 3197108.
4
What is the greatest common divisor of 847 and 3004067?
121
Calculate the highest common divisor of 2223847 and 1426.
713
Calculate the highest common factor of 695642250 and 875.
125
Calculate the greatest common factor of 234580 and 6107005.
1585
What is the highest common divisor of 40120 and 16776178?
2006
Calculate the highest common factor of 4811098 and 9073.
43
What is the greatest common divisor of 13714443 and 1234385?
8513
Calculate the greatest common divisor of 3309981 and 4434.
2217
What is the highest common divisor of 6932 and 43236617?
1733
What is the greatest common factor of 5010278 and 52?
26
What is the greatest common factor of 432171330 and 10?
10
What is the highest common divisor of 237 and 52061?
79
What is the greatest common divisor of 5777 and 1697961?
53
What is the highest common factor of 1328 and 1575152?
16
Calculate the highest common divisor of 2579385 and 617625.
915
What is the greatest common factor of 99374 and 922086?
22
What is the highest common divisor of 45863064 and 19656?
2808
Calculate the highest common factor of 6 and 1456994478.
6
Calculate the highest common factor of 1718115 and 1260.
105
What is the highest common factor of 14069 and 14641?
11
Calculate the greatest common divisor of 26056520 and 1435.
35
What is the greatest common factor of 12988077 and 17043?
1311
What is the highest common factor of 37989 and 2154117?
1407
Calculate the highest common factor of 5825 and 828134425.
5825
Calculate the highest common factor of 21811272 and 8330.
1666
Calculate the highest common factor of 149879 and 237122.
2237
Calculate the highest common factor of 152308524 and 3.
3
What is the highest common factor of 704112 and 4212?
12
Calculate the greatest common divisor of 211554 and 2361870.
2898
What is the greatest common divisor of 2364 and 11858612?
788
Calculate the highest common factor of 381 and 16520287.
127
What is the greatest common divisor of 4265 and 116995?
5
Calculate the highest common factor of 2137392606 and 6582.
6582
What is the highest common divisor of 23880779 and 142?
71
Ca